 number?
True
Is 419576197 a prime number?
False
Is 3018767 a composite number?
True
Is 44048581 composite?
True
Is 17005957 prime?
True
Is 90053 composite?
False
Is 3665017 a composite number?
False
Is 5049859 a composite number?
True
Is 230119523 prime?
True
Is 238132163 a prime number?
True
Is 668186 a prime number?
False
Is 823706683 a composite number?
False
Is 2281511 prime?
False
Is 20064563 composite?
False
Is 10083469 composite?
True
Is 140847481 prime?
True
Is 26172455 prime?
False
Is 17020163 a prime number?
False
Is 177492583 composite?
True
Is 359839013 a composite number?
True
Is 11735567 composite?
False
Is 3420631 a composite number?
False
Is 6640547 a prime number?
True
Is 2795059 composite?
False
Is 68920853 a prime number?
True
Is 11358691 a prime number?
False
Is 11332837 a composite number?
True
Is 36371063 composite?
False
Is 4281329 a prime number?
False
Is 4435363 prime?
False
Is 3646858 prime?
False
Is 236294 a prime number?
False
Is 107846713 prime?
False
Is 10065077 composite?
True
Is 2424694 composite?
True
Is 82984663 prime?
False
Is 297269 a prime number?
False
Is 42700069 prime?
True
Is 2563639 prime?
False
Is 6689171 composite?
False
Is 10184673 prime?
False
Is 52203409 a prime number?
True
Is 31087715 a prime number?
False
Is 69637979 a composite number?
False
Is 5059799 a composite number?
False
Is 60774817 a composite number?
False
Is 35273647 a prime number?
True
Is 323923 a prime number?
True
Is 4965943 a composite number?
False
Is 147707671 composite?
True
Is 183749533 a prime number?
False
Is 116042533 prime?
True
Is 704006873 prime?
False
Is 60110569 prime?
False
Is 8500327 a prime number?
False
Is 59480191 a composite number?
False
Is 6870371 composite?
True
Is 133091051 a composite number?
False
Is 11769907 a composite number?
False
Is 135178201 composite?
False
Is 2162717 prime?
True
Is 1513859 a prime number?
True
Is 650176001 a prime number?
True
Is 4944089 a prime number?
False
Is 9222845 a composite number?
True
Is 7751827 prime?
True
Is 101311151 a prime number?
True
Is 19641659 prime?
False
Is 1027003229 composite?
True
Is 5980349 a prime number?
False
Is 53330639 prime?
False
Is 145762501 a composite number?
True
Is 180155933 a composite number?
False
Is 290579 prime?
False
Is 3439757 prime?
False
Is 17076667 a prime number?
False
Is 26092309 composite?
True
Is 19121681 a prime number?
True
Is 5200243 a composite number?
True
Is 4966331 a prime number?
False
Is 116771339 a composite number?
False
Is 50821139 a composite number?
False
Is 24371837 a prime number?
False
Is 1621537 a composite number?
False
Is 2407723 prime?
True
Is 9728959 composite?
True
Is 244573157 composite?
True
Is 1254145 a composite number?
True
Is 1455673 prime?
True
Is 10928179 a prime number?
False
Is 37693937 a composite number?
False
Is 376822847 a composite number?
False
Is 43148555 composite?
True
Is 4651501 a composite number?
True
Is 49736873 a prime number?
True
Is 2313319 prime?
False
Is 2186969 composite?
False
Is 3389047 a prime number?
False
Is 54751 prime?
True
Is 10223 prime?
True
Is 310227349 a prime number?
False
Is 23764499 prime?
False
Is 1490653 prime?
False
Is 119979842 composite?
True
Is 6998923 composite?
True
Is 100335503 prime?
True
Is 73447499 prime?
False
Is 624997 prime?
True
Is 8372413 a prime number?
False
Is 8020171 prime?
False
Is 62727533 prime?
False
Is 85197857 a composite number?
True
Is 24333473 a composite number?
True
Is 6740009 a prime number?
False
Is 46491611 composite?
True
Is 1877647 composite?
True
Is 12884947 a prime number?
False
Is 71087 prime?
False
Is 754376359 a prime number?
False
Is 209337 composite?
True
Is 2187343 a prime number?
True
Is 11235149 a prime number?
False
Is 9429421 composite?
True
Is 26880209 a prime number?
True
Is 1064766751 a composite number?
True
Is 603137 a composite number?
True
Is 105181249 a composite number?
True
Is 1720408427 a prime number?
True
Is 235139 composite?
True
Is 11743981 a prime number?
False
Is 504515737 prime?
False
Is 104482057 composite?
False
Is 64640287 composite?
False
Is 3324311 composite?
False
Is 98063719 a composite number?
True
Is 39884269 a prime number?
True
Is 50868211 prime?
True
Is 42008497 a prime number?
True
Is 5599859 prime?
True
Is 591991613 composite?
False
Is 185577673 prime?
True
Is 42674053 prime?
False
Is 219946709 a prime number?
True
Is 10484267 composite?
True
Is 10053361 a composite number?
False
Is 86543467 composite?
False
Is 434431 prime?
True
Is 26824913 prime?
False
Is 344207 a prime number?
True
Is 1656087 a composite number?
True
Is 66360199 a composite number?
True
Is 22117399 composite?
False
Is 19446977 prime?
False
Is 100032643 a composite number?
False
Is 1480931 prime?
True
Is 178781959 a prime number?
True
Is 12963499 a composite number?
False
Is 13444829 a composite number?
False
Is 13052261 a prime number?
True
Is 1891441 a prime number?
False
Is 16585537 composite?
True
Is 347580517 a prime number?
True
Is 13881507 composite?
True
Is 245047981 a composite number?
True
Is 25873411 a composite number?
False
Is 34792397 a composite number?
False
Is 16134779 a prime number?
True
Is 15449729 prime?
True
Is 26705123 a composite number?
True
Is 3573107 a prime number?
True
Is 12336083 composite?
False
Is 835085621 a prime number?
True
Is 117472027 a composite number?
False
Is 294112321 prime?
True
Is 2535751 a prime number?
True
Is 19335889 a prime number?
True
Is 17267027 prime?
False
Is 415142611 composite?
True
Is 36006563 composite?
False
Is 18389147 prime?
False
Is 384069677 prime?
True
Is 16843963 prime?
True
Is 342714754 composite?
True
Is 21139379 a composite number?
False
Is 50135263 a prime number?
True
Is 12667 a prime number?
False
Is 28083043 a prime number?
True
Is 1612883 a composite number?
True
Is 149921321 a composite number?
True
Is 9901037 a composite number?
False
Is 144605317 a prime number?
True
Is 3956803 a prime number?
True
Is 9842011 composite?
False
Is 526473397 a composite number?
True
Is 1612271 a prime number?
True
Is 5566593 a composite number?
True
Is 207832283 a prime number?
False
Is 2008271 a prime number?
True
Is 20566289 prime?
False
Is 10360711 a composite number?
False
Is 1261861 a prime number?
True
Is 51045229 a composite number?
True
Is 114001861 composite?
False
Is 28321 a composite number?
True
Is 18924947 prime?
True
Is 411991 a composite number?
False
Is 153864355 a composite number?
True
Is 3383911 a composite number?
True
Is 31907 prime?
True
Is 3910489 a prime number?
False
Is 164631457 a prime number?
True
Is 302299001 a composite number?
True
Is 49944677 prime?
True
Is 17332897 prime?
True
Is 2675587 a composite number?
False
Is 18711733 a composite number?
False
Is 2951801 prime?
True
Is 2386817 prime?
False
Is 71163221 a prime number?
True
Is 5232023 composite?
False
Is 47321809 prime?
False
Is 51132343 prime?
True
Is 2187689 composite?
True
Is 7934009 a prime number?
True
Is 2836731 a prime number?
False
Is 8274179 a prime number?
False
Is 6926365 a composite number?
True
Is 2144111 a composite number?
True
Is 2940761 composite?
False
Is 7237913 composite?
True
Is 13356953 composite?
False
Is 2527489 a prime number?
True
Is 4634041 a composite number?
True
Is 587855 a prime number?
False
Is 78807473 composite?
False
Is 773177 a composite number?
True
Is 1481413 prime?
True
Is 721261 composite?
False
Is 14433163 a prime number?
True
Is 821741 a prime number?
True
Is 25945351 composite?
False
Is 2288323 composite?
False
Is 44393773 prime?
True
Is 4304441 a prime number?
False
Is 1018607 prime?
False
Is 664023445 a composite number?
True
Is 2952977 composite?
False
Is 5114189 a composite number?
True
Is 24247709 a prime number?
False
Is 5083937 a composite number?
True
Is 16875433 prime?
True
Is 9425813 a composite number?
True
Is 11220991 a prime number?
True
Is 365389751 prime?
True
Is 7536241 a prime number?
True
Is 167041067 a composite number?
False
Is 3235543 prime?
True
Is 40333747 a composite number?
True
Is 51082205 prime?
False
Is 39157 prime?
True
Is 10610309 composite?
False
Is 8228477 a prime number?
False
Is 64751234 a composite number?
True
Is 7834521 a prime number?
False
Is 139807249 a composite number?
False
Is 898607